 j(d)?
3
Let b(o) = -o**2 - 36*o + 247. Let i be b(-42). Let y be 384/208 + (-2)/(-13). Let h(u) = -u**3 + 0*u**2 + 3*u**2 - 4*u**2 - 4*u**2 - y. Calculate h(i).
-2
Let g be 7 + -3 + -4 + 5. Let h be (-195)/(-27) - g/((-90)/(-4)). Let y(n) = -5*n - 5. Let t(i) = -16*i - 14. Let j(a) = h*y(a) - 2*t(a). What is j(-5)?
8
Let j(r) be the first derivative of r**4/2 - 25*r**3 + 55*r**2 - 68*r + 5811. Give j(36).
4
Let n(j) be the second derivative of -2*j**3/3 + 29*j**2/2 + 19*j + 32. What is n(8)?
-3
Let u(o) = 8*o**3 + o**2 - 1. Let s(v) = -109*v**3 - 87*v**2 + 21*v + 89. Let m(x) = s(x) + 14*u(x). What is m(24)?
3
Let f(d) = -4*d + 3*d - 2*d. Suppose 283*j = 443*j + 480. Give f(j).
9
Let t be (9 + -9)*((-5 + -2)/(-7))/3. Let p(i) = -5*i + 3*i + 2 - 9. Calculate p(t).
-7
Let n(y) = -y**2 - 2*y + 2. Let q(a) = -a**3 - 11*a**2 + 2*a + 31. Let s(r) = -2*n(r) - q(r). Determine s(-13).
-61
Let u(d) = -2303*d**2 + 4584*d**2 - 6*d**3 - 4 - 2284*d**2 - 3*d. What is u(-2)?
38
Let s(a) = a**3 + 2*a**2 + 4*a - 1. Suppose 14*u = 441 - 483. Calculate s(u).
-22
Let d(v) = -2*v - 7. Let c(a) = a + 7. Let g(w) = -4*c(w) - 3*d(w). Let x(h) = 8*h**3 + 153*h**2 + 14*h - 105. Let z be x(-19). What is g(z)?
-27
Let x(m) = m**2 + m - 3. Let n be -7 - (1 - 15 - -4). Let p be (-17)/n - -6 - (-1)/(-3). What is x(p)?
-3
Let s(c) = -656 - 649 - 2*c + 3*c**2 - 664 + 1982 - c**2. Give s(7).
97
Let m(t) = -t**2 + 2. Let c(b) = -b - 4. Let i be c(-3). Suppose 8*f + 48*f - 120 = 32*f. Let l be -6*i/f*(-5)/2. Give m(l).
-7
Let d(l) = 842 - 6*l - 1693 - 16*l - l**3 + 40*l**2 - 19*l**2 + 858. Give d(20).
-33
Suppose 0 = -83*t + 50 - 465. Let g(z) = 10*z + 45. What is g(t)?
-5
Let c(a) = 12*a - 5*a - a**3 - 11 - 7*a**2 + 43 - 21 + 12*a. What is c(-9)?
2
Let h(l) be the second derivative of -1 + 1/6*l**3 - 8*l + 3*l**2. What is h(-11)?
-5
Let n = 3 + -2. Let u(t) = -14*t**2 + 11*t + 14. Let q = -161 + 150. Let p(l) = -5*l**2 + 4*l + 5. Let d(j) = q*p(j) + 4*u(j). Give d(n).
0
Let t(j) = -j**3 + j**2 + j - 6. Let v be t(0). Let a(n) = 19*n**3 - 8 - 20*n**3 - 157*n + 156*n - 6*n**2. Give a(v).
-2
Let v(r) = -17*r - 80. Suppose -13*y = -1900 + 1965. What is v(y)?
5
Let w = -180 + 185. Let y(l) be the first derivative of 3/2*l**2 + 6 + 4*l. Calculate y(w).
19
Let u(r) = r**3 - 109*r + 222*r + 2 - 7*r**2 - r**3 - 110*r + r**3. Calculate u(6).
-16
Let c(b) be the first derivative of 7*b**2/2 - 3. Let y = -8342 + 8346. Give c(y).
28
Suppose -4 = -4*t - 12*q, -4*t - 66*q + 4 = -63*q. Let p(k) = 6*k + 5. What is p(t)?
11
Let f = -3274 - -3286. Let i(m) = -2*m + 24. What is i(f)?
0
Let a(y) = 3*y**2 + 8*y + 16. Let i(b) = 6*b**2 + 16*b + 33. Let q(o) = 13*a(o) - 6*i(o). Let j(u) = -2*u**2 - 2*u. Let t(g) = 2*j(g) + q(g). Determine t(9).
-35
Let n(a) be the second derivative of a**3/6 - 19*a**2/2 - 3573*a. Suppose -q - 65 = -6*q. Calculate n(q).
-6
Let k be (-7 - (-351)/45) + (-602)/(-10). Let t(n) = -2*n + k - 24 - 17 - 24. Calculate t(-9).
14
Let l be 3/(-9)*(-186)/2*1. Let x = 33 - l. Let g(o) = 0*o**2 - 2*o**3 - 3 + o**2 + 3*o**x + o**3. Determine g(3).
6
Let a(c) = 2*c**3 - 3*c**2 - 6*c + 10. Let l be a(2). Let o be 3 + (-20)/l*1. Let d(i) = -i**3 - 5*i**2 + 11*i + 4. What is d(o)?
25
Let j(p) = p**3 + 3*p**2 - 8*p - 10. Let i be j(-4). Let f be 15/30*(2 + 0 + i). Let y(w) = -w**2 + 5*w - 1. Determine y(f).
3
Let l(j) = -j**3 + 5*j**2 + 6*j + 5. Suppose 492 = 5*s - 3*f, 8*s = 7*s - 2*f + 88. Let q be 8/s + (-71)/(-12). Calculate l(q).
5
Suppose -5*o - 5578 + 5588 = 0. Let r(p) = -p**3 + 2*p**2 - 3*p + 2. Let j(t) = t. Let g(s) = -3*j(s) - r(s). Determine g(o).
-2
Let t(q) be the first derivative of 190 - 2*q - q**2 + 1/3*q**3. What is t(4)?
6
Let d(x) = -26*x - 16. Let m(g) = -9*g - 6. Let r(h) = -6*d(h) + 17*m(h). Let u be 4/(-6) + (-85)/(-15). Determine r(u).
9
Let c(n) = n**3 - 2*n**2 - 2*n + 48. Let x(l) = -14*l**3 + 26*l**2 + 26*l - 673. Let z(g) = -29*c(g) - 2*x(g). Determine z(5).
9
Suppose 5*w - 27 = -4*m, -w + 18 = w - 2*m. Let n(o) = 4*o**2 - w*o**2 + 4*o + o**2. Suppose -12*f = -16*f + 12. Give n(f).
-6
Let t(o) = -3*o + 18. Let s be t(-3). Let n(u) = -u**2 - 3 + s*u - 26*u + 2*u. What is n(2)?
-1
Let h be -1 - 0 - -1 - 2. Let o = 211 + 65. Let p(q) = -11*q + o - 275 + 0*q. Determine p(h).
23
Suppose -5*p + 13 = -3*q - 2, -p - 15 = 3*q. Let f(j) = -22 - 5*j + 18 - 6*j**2 + 5*j**2. Calculate f(q).
-4
Let p be (14 + 1)*46/230. Suppose -5*i = -p*i - 10. Let j(t) be the third derivative of t**5/60 - 5*t**4/24 - 5*t**3/6 + t**2. Determine j(i).
-5
Let r(c) = c**3 - 19*c**2 + c + 27. Let m be (8 - 5) + (2 + -4 - -3) - -15. Determine r(m).
46
Suppose -2*p = 2*z - 6, -3*p - 2*p - 15 = -z. Let s(m) = 516693594 - 516693594 + m. Give s(z).
5
Let a(l) = l. Let w(b) = -4*b + 1. Let m(d) = 5*a(d) + w(d). Let h be (17 + -9)*(-2 - 10). Let t be h/15 + 4/10. Give m(t).
-5
Let v(y) = 10*y + 1. Let t be 870/(-29)*(-5)/(-2). Let a = t - -76. Give v(a).
11
Let n(c) = c**3 + 14*c**2 - 16*c - 2. Let j be n(-15). Let w = 37 - 20. Let a(l) = -8 + w*l - j*l - 5*l. Determine a(-7).
-1
Let t(k) be the second derivative of -2*k - 11/2*k**2 - 1/20*k**5 + 2/3*k**3 + 65 - 1/3*k**4. Give t(-5).
-6
Let p be 46/6 + 4/(-6). Let u(f) = -8*f**3 - 11*f + 4 - 3*f**3 + 0*f**3 + 12*f**3 - 141*f**2 + 0*f**3 + 135*f**2. What is u(p)?
-24
Suppose -20*n + 132 = 2*n. Let s(a) = -11*a**2 + 18*a - 22. Let f(k) = 5*k**2 - 9*k + 11. Let g(h) = 9*f(h) + 4*s(h). Determine g(n).
-7
Let f(l) be the first derivative of -l**4/4 + 5*l**3 + 17*l**2 + 6*l - 3349. Determine f(17).
6
Let f(z) = 18*z + 6. Let k = -1769 + 1771. What is f(k)?
42
Let c be ((-8)/(-4))/((-2)/(-882)*-3). Let g = 299 + c. Let v(d) be the first derivative of d**3/3 - 3*d**2/2 - 3*d - 1. Calculate v(g).
7
Let m(c) = 3*c + 6. Let a(l) = -3*l - 6. Let k(h) = -4*a(h) - 5*m(h). Let g be k(-4). Let r(y) = 3*y - 4*y + 2 - g*y + 4*y. What is r(-4)?
14
Let v(c) = 3*c - 2. Let h = -176 - -225. Let n = h + -52. Determine v(n).
-11
Let l(p) = -8*p - 2*p - 3*p + 11*p + 3*p - 26. Determine l(-7).
-33
Suppose 142*j = -46*j - 17*j - 1025. Let c(u) = -14*u - 6. Let y(w) = 5*w + 2. Let h(x) = -4*c(x) - 11*y(x). Give h(j).
-3
Let d be 0 + (9 + -4)/(-5). Let s be d + (-3 - 6/(-3) - -6). Let v(t) = -2*t - 11. Let i(b) = -b - 1. Let a(o) = 6*i(o) - v(o). What is a(s)?
-11
Let j(f) = 0 - 6*f + 0 + 1. Let z(k) = -k**3 + 28*k**2 + 1. Let d be z(28). Determine j(d).
-5
Let i(x) be the first derivative of x**3/3 + x**2/2 - x + 26. Let j(q) = -6*q - 36. Let d be j(-6). Let b be 3*3/(-36)*d. What is i(b)?
-1
Let r(j) = 39*j + 37. Let h(g) = 5*g**3 + 5*g**2 + 2*g + 1. Let c be h(-1). What is r(c)?
-2
Let n(b) = 3*b**2 - 9*b - 11. Suppose -191*f = -151*f - 329 + 89. What is n(f)?
43
Let j = -6 + 8. Let m(b) = b**3 - 2*b**3 + 2*b + 2 + 6*b**j + 1 - 2. Suppose -36*t - 36 = -42*t. What is m(t)?
13
Let t(r) = -8*r**3 - 2*r**2 + r. Let b(d) = -15*d**3 + 2*d**2 - 8. Suppose -4*y = -y - 2*q - 6, y - q = 2. Let g be b(y). Let h = g + 121. Give t(h).
-9
Let s(b) = -4 - 7*b**3 + 4*b - 2 - 5 - 4*b**2. Let p(m) = 4*m**3 + 2*m**2 - 2*m + 6. Let i be 5/(-2 - ((1 - 3) + 1)). Let v(r) = i*p(r) - 3*s(r). What is v(-3)?
0
Let t(o) = -2*o**2 - 16*o - 28. Let l be (-1224)/170 + 44/20. Determine t(l).
2
Let c = 1168 + -3503/3. Let u(w) be the first derivative of 7 - 10*w - c*w**3 - 9/2*w**2. Determine u(-7).
4
Let x(y) = -94342*y**3 - 12 + 47171*y**3 - 7*y**2 + 47173*y**3. What is x(5)?
63
Let a(s) be the third derivative of 1/20*s**5 + 5/24*s**4 - 5*s**2 + 0*s - 1/720*s**6 + 0 + 0*s**3. Let g(f) be the second derivative of a(f). Calculate g(-5).
11
Let x(t) = t**3 + 8*t**2 + 15*t + 14. Let k be ((-180)/40)/((-6)/(-8)). Calculate x(k).
-4
Suppose -4*o - g - 33 = 0, -g = 9*o - 6*o + 23. Let x(j) = -5*j - 63. Give x(o).
-13
Suppose 6*z - 156 = -108. Suppose p - z = -p. Let r(u) = u**3 + u - 1. Let i(y) = -y**3 - 3*y**2 - 6*y + 6. Let j(v) = i(v) + 2*r(v). What is j(p)?
4
Let b(y) = -44*y**2 + 25*y + 167. Let v(z) = -9*z**2 + 3. Let m(j) = b(j) - 5*v(j). Determine m(-15).
2
Let l(c) = c**3 - 2 - 17*c**2 + 6*c - 20*c**2 + 41*c**2 - 8*c**2. Calculate l(2).
2
Suppose -34 = -41*h + 48. Suppose -3*i + 0*i - 15 = 0. Let s(u) = u**2 - 8*u - 3. Let y(z) = 3*z**2 - 17*z - 6. Let j(c) = h*y(c) + i*s(c). Calculate j(-2).
-5
